1011
In base 12, what is -148 - 14?
-160
In base 5, what is -3 - -42?
34
In base 15, what is -3 + 5ae?
5ab
In base 4, what is 12 - -103?
121
In base 11, what is 19 - 108?
-9a
In base 11, what is 318 + a?
327
In base 4, what is 1323 + 1?
1330
In base 15, what is 15 + 5?
1a
In base 12, what is 3a4 - 4?
3a0
In base 12, what is -2528 - 5?
-2531
In base 12, what is -33 + -a2?
-115
In base 14, what is -3 + -273c?
-2741
In base 11, what is -4 - 3a51?
-3a55
In base 5, what is 21 - 4133?
-4112
In base 7, what is -4155 + 4?
-4151
In base 2, what is -111110111001 - 100?
-111110111101
In base 7, what is -31451 - -1?
-31450
In base 10, what is 11 + 21?
32
In base 5, what is -112214 - -3?
-112211
In base 4, what is 130 - 3?
121
In base 6, what is 10353 - -4?
10401
In base 11, what is -43 + 3?
-40
In base 11, what is 630 + 2?
632
In base 6, what is -51 - 325?
-420
In base 13, what is 8 - 125?
-11a
In base 16, what is -10 - 1c?
-2c
In base 13, what is 3b - 4?
37
In base 7, what is 344 - 16?
325
In base 10, what is 2135 + -3?
2132
In base 5, what is 2104 + -33?
2021
In base 14, what is b5 - -3?
b8
In base 5, what is -200 + -11?
-211
In base 16, what is -1 - -44?
43
In base 2, what is 1000001 - -1001?
1001010
In base 11, what is 17 + -1?
16
In base 6, what is -1444 - 20?
-1504
In base 11, what is -2a - -3?
-27
In base 4, what is 12323 - 13?
12310
In base 15, what is -228 + 16?
-212
In base 2, what is -11 - 1011000?
-1011011
In base 11, what is 9 - 78?
-6a
In base 4, what is -2 - 11033?
-11101
In base 14, what is 135 - -a?
141
In base 4, what is 2021120 + 3?
2021123
In base 3, what is 121 + 121?
1012
In base 3, what is -12121101 - -2?
-12121022
In base 16, what is -3448 + -1?
-3449
In base 2, what is -111010110 - 10?
-111011000
In base 14, what is -42 + 6b?
29
In base 10, what is -28 - -20?
-8
In base 7, what is -303 + -3?
-306
In base 13, what is -5 - 9ac?
-9b4
In base 16, what is 3 - f0e?
-f0b
In base 6, what is 105 - 354?
-245
In base 14, what is -c + 8?
-4
In base 2, what is 100010100 + -1?
100010011
In base 16, what is -94e + -5?
-953
In base 5, what is -102 - 2031?
-2133
In base 16, what is -22 - 21f?
-241
In base 10, what is 4 + 9433?
9437
In base 6, what is 1434 - -1?
1435
In base 15, what is -6b + 1e?
-4c
In base 2, what is -11111000 + 1?
-11110111
In base 12, what is 4 + 94?
98
In base 2, what is 1001 + 110001101?
110010110
In base 15, what is 20 - 3a?
-1a
In base 13, what is -26 + -3?
-29
In base 6, what is -1201 - 3?
-1204
In base 13, what is 5 + 175b?
1763
In base 2, what is 1 + 11011001?
11011010
In base 13, what is 13 - -a0?
b3
In base 15, what is -5 - -26?
21
In base 3, what is -2120202 - 11?
-2120220
In base 2, what is 1110 - -111100101?
111110011
In base 13, what is -8196 + 4?
-8192
In base 2, what is 101 - 1100011?
-1011110
In base 11, what is 3 + 32?
35
In base 2, what is 10 - -10010?
10100
In base 14, what is 10 - 11c?
-10c
In base 6, what is -5 - -12054?
12045
In base 8, what is -1 - 135?
-136
In base 14, what is -25 - -5?
-20
In base 13, what is -7 - 28?
-32
In base 9, what is -3 - -22?
18
In base 2, what is -1100110011 - 10?
-1100110101
In base 13, what is 5 + 64?
69
In base 16, what is 8a24 - -2?
8a26
In base 4, what is -21 + -2221?
-2302
In base 9, what is 2 + -1481?
-1478
In base 11, what is -258 + 23?
-235
In base 4, what is 12 - 321031?
-321013
In base 16, what is -5 - 5c?
-61
In base 14, what is -161 - -6?
-159
In base 7, what is -105 + -30?
-135
In base 16, what is 4 - 30b?
-307
In base 15, what is 0 + 8ec?
8ec
In base 2, what is -101010001 + -110001?
-110000010
In base 16, what is -3d3 - -5?
-3ce
In base 5, what is -103 - -2?
-101
In base 7, what is 331 + -1?
330
In base 12, what is 19 + -10?
9
In base 16, what is -c2 - 4?
-c6
In base 13, what is 478 + 4?
47c
In base 7, what is -3 - -1610?
1604
In base 13, what is -225 + -4?
-229
In base 14, what is da0 + 2?
da2
In base 16, what is -10 + -e?
-1e
In base 9, what is 132 - 5?
126
In base 8, what is 23 - -100?
123
In base 15, what is 5 - 2a?
-25
In base 13, what is 0 - -c2?
c2
In base 2, what is 1000010100011 + 0?
1000010100011
In base 5, what is 123 + -14?
104
In base 12, what is -2 + 260a?
2608
In base 12, what is -bb - 6?
-105
In base 15, what is -5 - -32?
2c
In base 3, what is 20001 + 1?
20002
In base 5, what is 43224 + 10?
43234
In base 5, what is -3 - 421?
-424
In base 16, what is -3 - 62?
-65
In base 5, what is 102 + -344?
-242
In base 10, what is -168 - 4?
-172
In base 5, what is 10 + -21?
-11
In base 4, what is -3 + 1122?
1113
In base 2, what is 101 + 1011011?
1100000
In base 14, what is 5 + 149?
150
In base 10, what is 169 - -3?
172
In base 10, what is -4 + -8?
-12
In base 7, what is -33 - -56?
23
In base 10, what is -21 - 5?
-26
In base 13, what is 0 - 19?
-19
In base 9, what is -4 - -1301?
1286
In base 13, what is -259 - -12?
-247
In base 9, what is 27707 - -2?
27710
In base 11, what is 18 - 8?
10
In base 7, what is -1600 + 2?
-1565
In base 13, what is -106a + 5?
-1065
In base 13, what is 4 + 17?
1b
In base 6, what is 21 + -315?
-254
In base 6, what is -33 + 125?
52
In base 14, what is -1 + 5b?
5a
In base 16, what is -6af + 4?
-6ab
In base 8, what is 5 - -4063?
4070
In base 7, what is 4 - 10?
-3
In base 3, what is -1112 + 12?
-1100
In base 15, what is -5d + 7?
-56
In base 10, what is -527 + -3?
-530
In base 4, what is -21130 + 11?
-21113
In base 12, what is -286 - 3?
-289
In base 5, what is 23 + 223?
301
In base 13, what is 78 + -4?
74
In base 3, what is -1002 - -1101?
22
In base 8, what is -115 + 22?
-73
In base 10, what is -18 + 15?
-3
In base 6, what is -22 + -5?
-31
In base 2, what is 10 - -101011?
101101
In base 9, what is -131 + 17?
-113
In base 3, what is 100 - 1021?
-221
In base 7, what is 1622 - -12?
1634
In base 3, what is -110 - -1022?
212
In base 13, what is -454 - 4?
-458
In base 3, what is -1 + 12212?
12211
In base 13, what is -74b - 31?
-77c
In base 5, what is 1322 - 102?
1220
In base 16, what is 5b - -49?
a4
In base 12, what is -1285 + -3?
-1288
In base 16, what is 4 + -8d1?
-8cd
In base 6, what is -100412 + -5?
-100421
In base 9, what is -4 + 100?
85
In base 15, what is -d - -5?
-8
In base 14, what is 1 - 74?
-73
In base 4, what is -3 - -31?
22
In base 14, what is 50c4 + -5?
50bd
In base 16, what is 5 - -32?
37
In base 16, what is 4 - -31?
35
In base 16, what is -10 - -11c?
10c
In base 8, what is -3 + 5?
2
In base 14, what is 86c - -2?
870
In base 3, what is 121020 + 12?
121102
In base 9, what is 8 - 51?
-42
In base 2, what is 1 - 110?
-101
In base 2, what is 100 - -100111000000?
100111000100
In base 12, what is 2 - 9b?
-99
In base 3, what is 2022 + -11?
2011
In base 2, what is -1100010011101 + 101?
-1100010011000
In base 5, what is -132 + -244?
-431
In base 10, what is -1097 - -5?
-1092
In base 14, what is -9c97 + 3?
-9c94
In base 16, what is -1 - 250?
-251
In base 10, what is -130 + 0?
-130
In base 9, what is -68 - -3?
-65
In base 9, what is -3057 + -5?
-3063
In base 2, what is 1011 - -11100?
100111
In base 5, what is -1 + 3210?
3204
In base 2, what is -1 + -101011?
-101100
In base 4, what is 1 - -1311?
1312
In base 6, what is -5 + 10005?
10000
In base 15, what is -35 - -16a?
135
In base 9, what is -2357 - 1?
-2358
In base 2, what is 10001101110 - 100?
10001101010
In base 13, what is -20 - -5?
-18
In base 2, what is -10100101011 + 10?
-10100101001
In base 8, what is 1520 - -2?
1522
In base 10, what is 9833 - -2?
9835
In base 6, what is -3 - 43?
-50
In base 3, what is 0 - 2212111?
-2212111
In base 11, what is 7 - 32?
-26
In base 6, what is 125 - -103?
232
In base 15, what is 40 + e?
4e
In base 11, what is -1a - -4a?
30
In base 5, what is 4 + -3433?
-3424
In base 14, what is 3 - -36?
39
In base 6, what is -3 + 2203?
2200
In base 15, what is -b - -530?
524
In base 5, what is -141 - 12?
-203
In base 13, what is 4 + -1c6?
-1c2
In base 4, what is -11 + 100120?
100103
In base 13, what is 5 + -28a?
-285
In base 4, what is 31 - -312?
1003
In base 12, what is -7 + -64?
-6b
In base 14, what is -6 - -34?
2c
In base 7, what is -2541 + 5?
-2533
In base 8, what is -25 - 4?
-31
In base 12, what is -4 + 58?
54
In base 5, what is 0 + -342?
-342
In base 3, what is -10021 + -220?
-11011
In base 9, what is 4 + -64?
-60
In base 2, what is -1000 - -10100001?
10011001
In b